ighest common divisor of 161 and 105?
7
Calculate the highest common divisor of 13 and 1.
1
What is the greatest common factor of 117 and 572?
13
What is the greatest common factor of 35 and 21?
7
Calculate the highest common factor of 12 and 3228.
12
What is the highest common factor of 96 and 72?
24
Calculate the greatest common divisor of 16 and 16.
16
What is the greatest common factor of 378 and 4428?
54
Calculate the highest common divisor of 65 and 845.
65
What is the highest common factor of 243 and 2025?
81
Calculate the greatest common factor of 810 and 525.
15
Calculate the highest common factor of 9994 and 38.
38
Calculate the greatest common factor of 960 and 100.
20
Calculate the highest common divisor of 28 and 5656.
28
Calculate the greatest common divisor of 399 and 21.
21
Calculate the greatest common factor of 56 and 140.
28
Calculate the highest common divisor of 14921 and 43.
43
Calculate the greatest common factor of 3654 and 210.
42
What is the greatest common divisor of 2700 and 525?
75
Calculate the highest common factor of 70 and 294.
14
What is the highest common divisor of 34 and 17697?
17
Calculate the highest common factor of 406 and 28.
14
What is the highest common divisor of 227 and 4313?
227
Calculate the greatest common divisor of 12 and 14896.
4
What is the greatest common divisor of 120 and 2595?
15
What is the highest common divisor of 267 and 11214?
267
What is the highest common factor of 264 and 330?
66
Calculate the greatest common factor of 68 and 238.
34
What is the greatest common factor of 84 and 1484?
28
What is the greatest common divisor of 108 and 84?
12
Calculate the highest common divisor of 6562 and 68.
34
Calculate the greatest common factor of 1895 and 5.
5
Calculate the highest common factor of 47 and 1269.
47
What is the highest common divisor of 688 and 1936?
16
What is the highest common divisor of 11 and 297?
11
What is the highest common factor of 3520 and 330?
110
Calculate the greatest common factor of 2 and 5.
1
Calculate the highest common divisor of 102 and 578.
34
Calculate the greatest common divisor of 20108 and 44.
44
What is the greatest common divisor of 5130 and 240?
30
What is the highest common divisor of 84 and 1197?
21
What is the highest common divisor of 19 and 83?
1
What is the greatest common factor of 34 and 4063?
17
What is the greatest common divisor of 93 and 29884?
31
Calculate the greatest common divisor of 204 and 1190.
34
Calculate the greatest common factor of 430 and 110.
10
What is the greatest common factor of 567 and 243?
81
What is the highest common factor of 32 and 152?
8
What is the highest common factor of 629 and 296?
37
What is the highest common divisor of 54 and 189?
27
What is the greatest common factor of 608 and 32?
32
What is the greatest common divisor of 440 and 80?
40
What is the greatest common divisor of 57 and 589?
19
What is the greatest common factor of 4212 and 260?
52
Calculate the highest common divisor of 55 and 1045.
55
Calculate the highest common divisor of 2 and 254.
2
Calculate the highest common divisor of 396 and 968.
44
Calculate the greatest common divisor of 1920 and 240.
240
Calculate the highest common divisor of 11032 and 336.
56
What is the greatest common divisor of 5777 and 218?
109
Calculate the greatest common factor of 2651 and 3133.
241
What is the greatest common factor of 44 and 24002?
22
Calculate the greatest common factor of 11770 and 77.
11
What is the highest common factor of 6425 and 25?
25
Calculate the greatest common factor of 32 and 216.
8
Calculate the greatest common divisor of 3388 and 22.
22
What is the greatest common divisor of 57 and 247?
19
What is the highest common divisor of 42 and 83664?
42
What is the greatest common divisor of 4860 and 20?
20
What is the greatest common divisor of 320 and 380?
20
Calculate the highest common divisor of 520 and 650.
130
Calculate the highest common factor of 286 and 1066.
26
Calculate the greatest common divisor of 45194 and 118.
118
What is the greatest common factor of 850 and 34?
34
What is the greatest common divisor of 3537 and 54?
27
Calculate the highest common factor of 13110 and 414.
138
Calculate the greatest common divisor of 24 and 10.
2
What is the highest common factor of 16 and 92?
4
What is the highest common divisor of 639 and 9?
9
What is the greatest common factor of 1943 and 268?
67
What is the greatest common divisor of 108 and 54?
54
Calculate the greatest common divisor of 432 and 2304.
144
What is the highest common divisor of 377 and 1334?
29
What is the highest common divisor of 460 and 40?
20
Calculate the greatest common divisor of 33 and 1359.
3
Calculate the greatest common divisor of 407 and 703.
37
What is the highest common factor of 381 and 3175?
127
Calculate the highest common divisor of 52 and 403.
13
Calculate the highest common divisor of 141 and 235.
47
Calculate the greatest common divisor of 300 and 525.
75
Calculate the greatest common factor of 62 and 31744.
62
What is the greatest common factor of 117 and 11778?
39
What is the highest common factor of 8786 and 92?
46
What is the greatest common divisor of 5 and 58?
1
Calculate the highest common divisor of 848 and 3604.
212
What is the highest common factor of 65 and 117?
13
What is the greatest common factor of 22 and 605?
11
What is the greatest common factor of 30 and 4230?
30
Calculate the greatest common divisor of 24 and 2244.
12
Calculate the highest common divisor of 77 and 3010.
7
What is the highest common factor of 346 and 2?
2
What is the greatest common divisor of 88 and 297?
11
Calculate the greatest common factor of 12 and 492.
12
Calculate the highest common divisor of 307 and 1.
1
What is the greatest common divisor of 232 and 2668?
116
What is the highest common factor of 723 and 21?
3
What is the highest common factor of 1377 and 238?
17
Calculate the highest common factor of 30 and 45.
15
Calculate the highest common factor of 16157 and 749.
107
Calculate the highest common divisor of 165 and 4565.
55
Calculate the greatest common factor of 2366 and 1638.
182
Calculate the greatest common divisor of 498 and 144.
6
Calculate the highest common divisor of 3567 and 348.
87
Calculate the highest common divisor of 543 and 2896.
181
Calculate the greatest common factor of 9744 and 280.
56
What is the highest common divisor of 13 and 6799?
13
What is the highest common divisor of 594 and 110?
22
What is the greatest common divisor of 68 and 142?
2
Calculate the highest common factor of 2525 and 25.
25
What is the highest common divisor of 45 and 360?
45
Calculate the greatest common factor of 31 and 1674.
31
Calculate the greatest common divisor of 51 and 21.
3
What is the greatest common factor of 1340 and 10?
10
What is the greatest common factor of 52479 and 153?
153
Calculate the highest common factor of 474 and 24.
6
What is the highest common divisor of 679 and 14?
7
Calculate the greatest common divisor of 1505 and 27692.
301
Calculate the highest common divisor of 15 and 735.
15
What is the highest common divisor of 55 and 2156?
11
Calculate the highest common factor of 1288 and 126.
14
Calculate the greatest common factor of 67 and 59429.
67
Calculate the greatest common divisor of 24 and 204.
12
What is the greatest common divisor of 232 and 32?
8
Calculate the greatest common factor of 126 and 35217.
63
Calculate the highest common factor of 28 and 3668.
28
Calculate the highest common divisor of 7 and 400.
1
What is the highest common divisor of 110893 and 173?
173
What is the highest common divisor of 45 and 290?
5
What is the greatest common factor of 23243 and 77?
11
Calculate the greatest common divisor of 50 and 2.
2
Calculate the greatest common factor of 32 and 28.
4
Calculate the greatest common factor of 108 and 984.
12
What is the highest common factor of 22 and 286?
22
What is the highest common factor of 2107 and 1032?
43
What is the greatest common factor of 247 and 13?
13
What is the greatest common divisor of 25 and 145?
5
What is the greatest common factor of 21 and 3745?
7
Calculate the greatest common factor of 11 and 2101.
11
Calculate the greatest common factor of 33 and 440.
11
Calculate the greatest comm